3 is divided by 340.
23
What is the remainder when 90971 is divided by 3032?
11
Calculate the remainder when 535035 is divided by 679.
662
Calculate the remainder when 6637063 is divided by 442.
433
Calculate the remainder when 482158 is divided by 160710.
28
What is the remainder when 2752851 is divided by 1131?
1128
Calculate the remainder when 397063495 is divided by 500.
495
What is the remainder when 7177668 is divided by 2372?
2368
Calculate the remainder when 44120 is divided by 44062.
58
Calculate the remainder when 70784941 is divided by 303798.
7
Calculate the remainder when 1794885 is divided by 15083.
8
What is the remainder when 12713588 is divided by 147?
146
Calculate the remainder when 53086439 is divided by 220.
219
Calculate the remainder when 76070 is divided by 3953.
963
Calculate the remainder when 1326101 is divided by 34868.
1117
Calculate the remainder when 9920733 is divided by 872.
861
Calculate the remainder when 4186819 is divided by 1395585.
64
Calculate the remainder when 2471778 is divided by 23997.
87
Calculate the remainder when 921506 is divided by 537.
14
What is the remainder when 231194555 is divided by 2534?
2531
Calculate the remainder when 3389955 is divided by 2233.
261
What is the remainder when 3394706 is divided by 81?
77
What is the remainder when 42079879 is divided by 53?
52
What is the remainder when 75689 is divided by 17771?
4605
Calculate the remainder when 27199 is divided by 12846.
1507
What is the remainder when 12691404 is divided by 94?
88
Calculate the remainder when 4425112 is divided by 681.
655
What is the remainder when 270977 is divided by 1328?
65
Calculate the remainder when 195880450 is divided by 145636.
30
Calculate the remainder when 3916903 is divided by 43.
33
Calculate the remainder when 56846583 is divided by 10421.
28
What is the remainder when 28044087 is divided by 31?
30
Calculate the remainder when 809413 is divided by 1148.
73
Calculate the remainder when 987245 is divided by 138.
131
Calculate the remainder when 13002031 is divided by 8106.
7
Calculate the remainder when 422707 is divided by 211153.
401
What is the remainder when 220249 is divided by 678?
577
What is the remainder when 868690 is divided by 25?
15
What is the remainder when 1214333 is divided by 41?
36
What is the remainder when 176571195 is divided by 174?
171
Calculate the remainder when 17472 is divided by 12305.
5167
Calculate the remainder when 3911388 is divided by 3180.
3168
What is the remainder when 3815926 is divided by 3815917?
9
Calculate the remainder when 67245 is divided by 33195.
855
What is the remainder when 939820 is divided by 2993?
18
Calculate the remainder when 318871 is divided by 5596.
5495
Calculate the remainder when 166708238 is divided by 239.
2
Calculate the remainder when 467380 is divided by 93441.
175
Calculate the remainder when 79431419 is divided by 39715708.
3
Calculate the remainder when 5463776 is divided by 2731883.
10
What is the remainder when 72832 is divided by 72598?
234
Calculate the remainder when 1130862513 is divided by 217.
214
What is the remainder when 220293 is divided by 54857?
865
What is the remainder when 173922 is divided by 15788?
254
Calculate the remainder when 17446126 is divided by 606.
598
What is the remainder when 2461132 is divided by 49?
9
What is the remainder when 10771 is divided by 1329?
139
Calculate the remainder when 2662809 is divided by 1331392.
25
What is the remainder when 31028950 is divided by 13977?
10
What is the remainder when 52270099 is divided by 20?
19
Calculate the remainder when 388424799 is divided by 10.
9
What is the remainder when 58308 is divided by 4751?
1296
Calculate the remainder when 4109497 is divided by 821899.
2
What is the remainder when 117297606 is divided by 39099195?
21
Calculate the remainder when 611345 is divided by 3555.
3440
What is the remainder when 60841816 is divided by 983?
14
What is the remainder when 9104303 is divided by 1534?
13
Calculate the remainder when 244866 is divided by 15304.
2
Calculate the remainder when 8583928 is divided by 271.
3
Calculate the remainder when 25510396 is divided by 1572.
1552
What is the remainder when 55341635 is divided by 13?
11
What is the remainder when 672195 is divided by 4422?
51
Calculate the remainder when 554168 is divided by 9229.
428
Calculate the remainder when 1492364 is divided by 259.
6
What is the remainder when 77730366 is divided by 2092?
14
Calculate the remainder when 3684993 is divided by 809.
807
What is the remainder when 19587908 is divided by 51?
32
Calculate the remainder when 5708546 is divided by 13.
12
Calculate the remainder when 1113829 is divided by 185607.
187
What is the remainder when 1535325 is divided by 1397?
22
What is the remainder when 5368169 is divided by 1556?
1525
What is the remainder when 56084 is divided by 1830?
1184
What is the remainder when 1551178 is divided by 2371?
544
What is the remainder when 42437578 is divided by 42437556?
22
What is the remainder when 1538191 is divided by 259?
249
What is the remainder when 117526 is divided by 11752?
6
Calculate the remainder when 634952 is divided by 3825.
2
Calculate the remainder when 386559 is divided by 494.
251
What is the remainder when 3451463 is divided by 24653?
43
Calculate the remainder when 1452289 is divided by 2976.
1
Calculate the remainder when 492784 is divided by 1670.
134
What is the remainder when 40330 is divided by 5607?
1081
Calculate the remainder when 1563151 is divided by 195388.
47
What is the remainder when 395131 is divided by 950?
881
What is the remainder when 349235534 is divided by 79?
76
What is the remainder when 36146248 is divided by 34?
32
What is the remainder when 5625945 is divided by 172?
169
What is the remainder when 49597 is divided by 12227?
689
What is the remainder when 8642400 is divided by 720200?
0
What is the remainder when 784213 is divided by 196?
17
Calculate the remainder when 76951 is divided by 8351.
1792
What is the remainder when 36097264 is divided by 69?
52
Calculate the remainder when 1069569 is divided by 1838.
1691
Calculate the remainder when 377143 is divided by 1985.
1978
Calculate the remainder when 79782 is divided by 15859.
487
Calculate the remainder when 6145085 is divided by 59661.
2
What is the remainder when 6542826 is divided by 127?
40
What is the remainder when 30293 is divided by 3012?
173
Calculate the remainder when 39222333 is divided by 9805571.
49
What is the remainder when 1421980 is divided by 284379?
85
Calculate the remainder when 1247090 is divided by 415694.
8
What is the remainder when 17719687 is divided by 949?
908
What is the remainder when 182127 is divided by 182078?
49
What is the remainder when 163324 is divided by 39753?
4312
Calculate the remainder when 11256 is divided by 10634.
622
Calculate the remainder when 191998 is divided by 299.
40
What is the remainder when 1807404 is divided by 7790?
124
What is the remainder when 312337 is divided by 3763?
8
What is the remainder when 218943 is divided by 1196?
75
Calculate the remainder when 23662 is divided by 23088.
574
Calculate the remainder when 21846949 is divided by 70.
19
Calculate the remainder when 488317 is divided by 64.
61
Calculate the remainder when 629501 is divided by 4036.
3921
Calculate the remainder when 10379258 is divided by 40.
18
What is the remainder when 59753 is divided by 59549?
204
What is the remainder when 3522341 is divided by 1761170?
1
What is the remainder when 21140 is divided by 8848?
3444
What is the remainder when 366221 is divided by 69?
38
What is the remainder when 39994581 is divided by 39?
3
What is the remainder when 1255628 is divided by 80?
28
What is the remainder when 111768089 is divided by 1594?
1591
What is the remainder when 15802870 is divided by 3021?
19
What is the remainder when 4970632 is divided by 2485315?
2
Calculate the remainder when 4640485 is divided by 3497.
3463
Calculate the remainder when 236565 is divided by 7389.
117
Calculate the remainder when 57677 is divided by 5467.
3007
Calculate the remainder when 124428 is divided by 745.
13
Calculate the remainder when 5490685 is divided by 784342.
291
What is the remainder when 49791 is di